of x?
True
Is 4655886/549 - 2/(-6) a multiple of 46?
False
Let n = 3550 + -3211. Does 2 divide n?
False
Let v(m) = 28*m**2 - 2*m - 28. Does 22 divide v(-5)?
True
Suppose -5*p + f = -0*p - 28, -2*p - 5*f = 5. Let n be 9*2*p/30. Suppose 215 = n*c - 133. Is 37 a factor of c?
False
Let w be ((-6)/(-8))/(-2 + (-722)/(-360)). Suppose -98*g = -95*g + w. Is (-2)/(-10) - 1521/g a multiple of 6?
False
Let w = -40 + 31. Let r(v) = 8*v**2 + v + 45. Is r(w) a multiple of 18?
True
Let s be (-2)/(-1)*(5 + 3208). Suppose 0*t = -18*t - s. Let d = -137 - t. Is d a multiple of 20?
True
Suppose -2*n = -4*v - 5758, -4*n - 28*v + 11506 = -31*v. Does 4 divide n?
False
Suppose j + 2*q = 120 - 11, -3*j + 5*q = -294. Let y be 4/(-1) + 507/13. Suppose 0 = -6*g + j + y. Does 3 divide g?
False
Suppose -q = -4*p + 20, 0 = q + p - 2*p + 8. Let t be -270 - (q - (0 - 2)). Let a = -125 - t. Is 23 a factor of a?
False
Suppose -6*c + 11*c = 865. Let y = 349 - c. Is y a multiple of 22?
True
Let o = -1791 - -1208. Is -1*(o - 3) + -4 a multiple of 44?
False
Let l(j) = 4*j + 27. Let u be l(-6). Suppose u*c + 3*a = 270, 4*c - 9*c = -a - 438. Is c a multiple of 6?
False
Let r = 5 + 3. Let u = 2021 - 2018. Is ((-106)/r)/(u/4 + -1) a multiple of 7?
False
Let c(n) = -3*n**3 + 4*n**2 + 21*n + 117. Let z be c(-6). Does 14 divide z - (-1)/2*2?
True
Suppose 0 = -b + 5*b - 32. Suppose 113 = b*p - 127. Suppose 28*v - p*v + 12 = 0. Does 5 divide v?
False
Suppose 0 = -4*n - 5*a + 4*a + 33, 5 = 5*a. Suppose 0 = -n*w + 5*w + 6. Suppose 0 = 4*f + w*q - 23 - 23, 5*f - 4*q = 38. Is f a multiple of 4?
False
Let s be (-88)/(-48) - (-2)/12. Suppose 2*k = -s*d + 370, 4*k - 8 = 8*k. Suppose -4*y + 372 = 4*h, -2*y + 2*h - 3*h = -d. Does 33 divide y?
False
Let j(r) = -r**2 + 18*r - 15. Suppose -4*b = 3*s + b - 22, 4*b + 4 = 0. Is j(s) a multiple of 11?
True
Let b(h) = 113*h + 2644. Is 6 a factor of b(100)?
True
Let x = -4358 - -5216. Is x a multiple of 33?
True
Is 350 a factor of ((-905)/(-2))/((10 - 7082/708)*-3)?
False
Suppose 0 = -3*k - 268 + 1948. Suppose 5*o + 20 = 0, k = -v + 5*v + 4*o. Does 16 divide v?
True
Suppose 0 = -g - 3*x + 18, -5*g + 114 = 12*x - 9*x. Suppose -g = -s - 30. Does 24 divide 258 + 3/(s/(-8))?
False
Let j be 1 - (39 + 2 + -2 + 3). Let a = j + 46. Suppose -4*z = -a*k - 369, z = 3*z - 3*k - 185. Is 28 a factor of z?
False
Let z be 3/2*(-7 + 9). Let q(r) = 126*r - 105. Is 3 a factor of q(z)?
True
Let z = 58 - 56. Suppose s = -4*j + 6, 3*j - 12 = z*s + s. Suppose 185 = 2*k + 5*v, -5*k = -k - j*v - 382. Is k a multiple of 22?
False
Suppose -1816 = -3*x - j + 1030, 4750 = 5*x + 3*j. Does 7 divide x?
False
Suppose -177*d = -190*d + 14625. Is 4 a factor of d?
False
Let w(b) = 198*b + 5. Let c(r) = -2*r**2 - 29*r + 17. Let u be c(-15). Does 6 divide w(u)?
False
Let b(y) = y**2 + 2*y**2 - 2*y**2 + 1 + 5*y**3 - 2*y**2 + 2*y. Let t(l) = 2*l**2 + 25*l + 14. Let d be t(-12). Does 8 divide b(d)?
False
Let l(f) = -f**3 - 5*f**2 - 5*f - 7. Suppose 0 = 5*c + 18 + 2. Let j be l(c). Does 2 divide 1 + 15/j + 25?
False
Suppose -5*y = -3*i + 59049, -5*i + 5006 + 93443 = 3*y. Is 323 a factor of i?
False
Suppose 2*z - 2*p = -3*z + 105, 2*z + 5*p - 71 = 0. Let k(q) = -3*q**2 + z*q - 46*q + 24*q - q**3 + 7. Does 45 divide k(-7)?
False
Suppose -291*x + 215*x = -1322932. Is x a multiple of 13?
True
Suppose 83 = -9*h - 52. Let i be (0 + 102/h)/(1/(-5)). Let t = i - -134. Does 18 divide t?
False
Let z(a) = a**3 + 6*a**2 + 4*a - 2. Let w be z(-6). Let l(p) = 58*p - 8. Let q be l(1). Let r = w + q. Does 4 divide r?
True
Let t = 43 - 69. Suppose -44*n + 47*n + 8*q = -474, 0 = -4*n + 2*q - 670. Let z = t - n. Is z a multiple of 7?
True
Suppose 476*t + 3*a + 10923 = 480*t, -5*a - 13655 = -5*t. Does 26 divide t?
True
Suppose 4*g - 18 = -3*t, 2*g + t - 22 = 6*t. Suppose 2*x - g*o + 2*o = 124, o - 293 = -4*x. Is x a multiple of 8?
True
Suppose 0 = -4*d + b - 627, -4*d = -7*d - 4*b - 494. Let c = -134 - d. Does 12 divide c?
True
Suppose -116*n - 130*n = -207*n - 222183. Is 27 a factor of n?
True
Let u = -1294 + 4471. Does 9 divide u?
True
Is -4*(4 - 108570/(-3))*(-1)/8 a multiple of 157?
False
Let k(c) = -4*c**3 + c**2 + 2. Let q be k(-3). Let h be (-68)/q - 32/(-7). Does 27 divide 1/h + (-7550)/(-40)?
True
Let g be ((-7048)/16)/(((-3)/12)/1). Is 21 a factor of g/7 - ((-88)/28)/11?
True
Let q(x) = x**3 + 15*x**2 + 15*x + 24. Let w be q(-14). Suppose w + 26 = g. Is (8/(-5))/(g/(-3870)) a multiple of 23?
False
Let p = -10880 + 16536. Does 28 divide p?
True
Suppose -2*s = -4*l + 174 - 956, s + 779 = -4*l. Let d be -5 + (-1 - (-5 - l)). Let g = 276 + d. Is g a multiple of 20?
True
Let j(b) = 43*b - 45. Let f be j(15). Suppose -17*q - 90 = -f. Is 3 a factor of q?
True
Is 98592/1185 + 4/5 a multiple of 14?
True
Suppose t + 3*f - 2984 = 0, 4*f + 1422 = t - 1597. Is 13 a factor of t?
False
Does 80 divide (-122)/((33/748)/(3/(-2)))?
False
Suppose -2*r - 2*f = -71330, 10*r + 106993 = 13*r + 5*f. Is 28 a factor of r?
False
Let v(x) = -2*x**3 - 18*x**2 - 86*x + 20. Does 2 divide v(-5)?
True
Is 92 a factor of (-39 + 37)*(0 + (-4 - -2) - 7713)?
False
Let v(f) = 44*f - 6. Let q be v(-2). Let r = q - -204. Let d = -54 + r. Is 6 a factor of d?
False
Suppose -1618*a - 9872 = -1622*a. Is a a multiple of 43?
False
Let k = -324 - -321. Does 10 divide (k/(-1))/(-10*21/(-3220))?
False
Suppose 593408 = 91*u - 418330. Is u a multiple of 17?
True
Let k(o) = -10*o**2 - 17*o + 4. Let n(g) = g**2 + g. Let x(q) = -k(q) - 4*n(q). Does 9 divide x(-5)?
True
Let r(j) = -6*j**2 - 11*j**3 + 6*j**3 - 20 + 6 - 4*j + 8*j**3. Does 17 divide r(5)?
False
Suppose 6*l + 5*k - 20032 = 0, 0 = 3*l - 2*l - k - 3324. Is 44 a factor of l?
False
Let p(h) = -h**2 + 21*h - 24. Let w(i) = -i. Let l(g) = -p(g) - 2*w(g). Let k(o) = -o**3 + 45*o**2 - 54*o + 458. Let f be k(44). Is 2 a factor of l(f)?
True
Let a = -1840 + 882. Let w = a + 1429. Is w a multiple of 9?
False
Let x be (2 - 1 - 3)/(26/65). Does 3 divide -7 - 193*(4 + x)?
True
Let k = 1128 + -557. Suppose -565 = -8*r + k. Is r a multiple of 12?
False
Let w = -1273 - -754. Let h = w - -906. Is 40 a factor of (-86)/h + (1433/9 - -1)?
True
Suppose -3*x = -6, 28*u - 25*u + 293 = -2*x. Suppose 5*r = -737 + 2052. Let j = r + u. Is j a multiple of 41?
True
Let a(r) = r - 15. Let i(d) = 3*d - 8 + 11 + 20 - 5*d. Let t(u) = -8*a(u) - 5*i(u). Does 25 divide t(10)?
True
Let z(h) = 6 - 3 - 16*h + 3 + 36*h. Suppose -k + 25 = 5*l, -2*l - k + 6 = -4. Does 42 divide z(l)?
False
Suppose -15 = -h + 3*m, -6*h - 25 = -10*h + 5*m. Suppose -4*u - 490 + 882 = h. Is 14 a factor of u?
True
Suppose 5*l = 2*x + 6904, 3*l = 5*x + 3850 + 300. Is l a multiple of 23?
True
Suppose -44*d + 2022 = -47*d. Let r = -374 - d. Is r a multiple of 15?
True
Suppose 6*g - 9*g = 6. Let c(h) = -73*h + 34. Is 12 a factor of c(g)?
True
Let o(v) = 10*v + 5. Let s(a) = -6*a - 1. Let x(z) = -3*o(z) - 8*s(z). Let u be (2/6)/((-3)/(-36)). Is 13 a factor of x(u)?
True
Let c(k) be the first derivative of 5*k**3/3 - 12*k**2 + 80. Is c(11) a multiple of 19?
False
Suppose 2*p = 5*l + 42842, 3*l - 36564 - 6214 = -2*p. Is 36 a factor of p?
False
Let z(t) = t - 15. Let l be z(19). Suppose 0 = 2*y - y + 5*u - 124, -317 = -3*y - l*u. Is ((-70)/56 - 3/4) + y a multiple of 15?
False
Let u(k) be the second derivative of k**4/12 + 5*k**3/2 + 6*k**2 + 10*k - 4. Is 48 a factor of u(7)?
False
Suppose v = 4*v - 39. Suppose 2240 = 20*a - v*a. Does 20 divide a?
True
Let f be (2/1)/(9/45). Is 11 a factor of f/65 + ((-15176)/(-52) - 3)?
False
Let m = 165 - 165. Suppose 16*o - 7266 - 1918 = m. Is 32 a factor of o?
False
Let w(v) = -3*v**2 + 2*v. Let k be w(2). Let z(s) = -s**3 - 1. Let q(g) = -5*g**3 - 10*g**2 - 6*g - 20. Let b(u) = -q(u) + 4*z(u). Does 24 divide b(k)?
True
Let z(f) = 29*f**2 + 11*f - 11. Let n be z(3). Let m = n - 45. Does 14 divide m?
True
Let a be (-9 - -11) + (15 + -3 - -3). Does 8 divide (-85)/a - (-158 - (0 + -1))?
True
Suppose 10868 + 18442 = 3*n. Is 131 a factor of n?
False
Let j be (-1 - 1)/(-1) + 1860/(-15). Let d = j + 62. Let w = -50 - d. Is w a multiple of 2?
True
Let h = -14 + 8. Let s be h - -7 - 198/(-3). Let f = s + -45. Is f a multiple of 2?
True
Suppose 16*g = 3*m + 19*g - 2475, 5*g + 2475 = 3*m. Is 13 a factor of 5 - 2*(m/(-6) + 3)?
False
Let i be -